 when t(-15) is divided by 67?
64
Suppose -9*z - 3 = -6*z. Calculate the remainder when (-35)/((z - -2)/(-1)) is divided by 12.
11
Suppose -h + 80 = 3*h. What is the remainder when h/(3/(-6)*-2) is divided by 7?
6
Suppose -2*k - 12 = -4*k. Suppose 5*a - k = 19, -3*w = 3*a - 57. Calculate the remainder when w is divided by 5.
4
Let c = -15 - 9. Let a = c - -56. What is the remainder when a is divided by 189/11 - (-6)/(-33)?
15
Let i = 13 + 0. Suppose -2*h - 16 = -2*v, -2*h + 5*h = -2*v + 16. Calculate the remainder when i is divided by v.
5
Let x(l) = -5*l + 2. Let w = 49 - 26. What is the remainder when w is divided by x(-2)?
11
Let m = -1 - -29. Let k = m - 17. Let r = -17 + 38. What is the remainder when r is divided by k?
10
What is the remainder when 3/6*(136*-2)/(-4) is divided by 12?
10
Let j = 11 + 1. Calculate the remainder when j is divided by 5.
2
Let q(c) = -c**3 + 15*c**2 + 2*c - 20. What is the remainder when 28 is divided by q(15)?
8
Suppose 2*b + 2*b = 116. Let g = 32 + -55. Let h = g - -33. Calculate the remainder when b is divided by h.
9
Calculate the remainder when 69 is divided by 5/25 + (-119)/(-5).
21
Suppose 2*w - 26 = 4*u, w - 19 = 3*u - 1. Suppose -2*b + g = w*b - 84, -2*g = -5*b + 83. What is the remainder when b is divided by 4?
1
Let w(b) = 2*b**2 + 5*b + 3. Let n be w(-6). Suppose 2*z - n = -3*z. What is the remainder when z is divided by (-9)/2*2/(-3)?
0
Suppose -693 = -12*f + 3*f. Calculate the remainder when f is divided by 27.
23
Suppose 10 = 2*i, 0 = 3*q - 2*i + 1. Suppose a + q*a = 40. What is the remainder when 29 is divided by a?
9
Suppose -5*l + 65 - 9 = 4*j, 2*l - 30 = -2*j. Let p = 71 + -109. Let w = 74 + p. Calculate the remainder when w is divided by j.
17
Let c(m) = m**2 - m. Let j be 3/(-2)*4/(-6). Let g be c(j). Suppose g*a = 4*a - 100. Calculate the remainder when a is divided by 14.
11
Suppose 14*i - 12*i - 30 = 0. Calculate the remainder when 89 is divided by -25*(18/i)/(-1).
29
Let z = -16 - -28. What is the remainder when 23 is divided by z?
11
Let k(u) = -u + 12. Let t be k(10). Suppose 0 = -2*v - 2*i - t*i + 74, 2*v = -2*i + 72. What is the remainder when 139 is divided by v?
34
Suppose 1 + 10 = f. What is the remainder when f is divided by -1*1 + (3 - -2)?
3
Suppose -5*b - 3 = -23. Suppose -b*f + 33 = -75. What is the remainder when 80 is divided by f?
26
Let y = -2 + 11. What is the remainder when (3/1)/(1/8) is divided by y?
6
Let q = 145 - 77. Suppose 2*v + 5*y = 19, 2*y + 10 = -5*v + q. Suppose -125 = -5*c - 5*s, 26 = c - s + 5. What is the remainder when c is divided by v?
11
Let l be (15 - 0) + (1 - 0). Suppose 6*q = 80 + l. Calculate the remainder when q is divided by 3.
1
Calculate the remainder when 78 is divided by (7/(21/16))/(2/6).
14
Suppose 246 = -s - 92. Calculate the remainder when 2/9 - s/18 is divided by (4/6)/((-4)/(-42)).
5
Suppose -4*f = f - 2*b - 981, 4*f - 4*b - 780 = 0. Calculate the remainder when f is divided by 50.
47
Suppose 3*g - 43 = 6*n - 5*n, 0 = 5*g + 3*n - 81. What is the remainder when 24 is divided by g?
9
Let w(n) = -n**2 - n. Let s be w(0). Suppose 0 = 4*p - s*p - 124. Let v = 9 - -2. What is the remainder when p is divided by v?
9
Let k be 3/(-12)*-1*20. Suppose k*b = b + 4. Calculate the remainder when 2 is divided by b.
0
Let w be 0 + 6 + (-18)/6. Let q be (w/(-9))/1*3. What is the remainder when 10 is divided by 7 - q*6/(-2)?
2
Let x(i) = -102*i**3 - i**2 - 5*i - 4. What is the remainder when x(-1) is divided by 26?
24
Let t(u) = 0*u + 0*u - 3 - u. Let z be t(-7). Suppose 2*a + 22 = z*a. Calculate the remainder when 31 is divided by a.
9
Let t(q) = -q**2 - 16*q - 25. What is the remainder when t(-12) is divided by 12?
11
What is the remainder when 3 is divided by (-39)/(-15) - 12/20?
1
Suppose 0 = d + 2*d + 6. Let h = 23 - 5. Calculate the remainder when h is divided by (-1)/1 - 22/d.
8
Let d = -48 - -74. Suppose v = 5*t - 77, 0 = -t - 2*v + 6*v + 4. Let w = t + -2. What is the remainder when d is divided by w?
12
Let t = -2 - -35. What is the remainder when 96 is divided by t?
30
What is the remainder when (1438/9 - -2) + (-30)/(-135) is divided by 41?
39
Let k = -31 + 57. Calculate the remainder when 51 is divided by k.
25
Let n(w) = w**2 + 10*w + 1. Let y be n(-11). Let u = 32 - y. What is the remainder when u is divided by 7?
6
Let w = 52 - 34. Suppose 5*j + c = 4697, 0*j - 2811 = -3*j - 3*c. Calculate the remainder when j/18 + (-4)/18 is divided by w.
16
Let f = -20 - -14. Let l = f + 17. Calculate the remainder when 42 is divided by l.
9
Let u(z) = z**3 + 6*z**2 - 7. Let w be (-5)/(-2)*12/15. Let n(j) = -j**3 + j**2 - 1. Let x be n(w). What is the remainder when 52 is divided by u(x)?
16
Let o = 54 + -28. Suppose -o = h - 3*h. Suppose 0 = -3*q - 5*z + 2*z + 66, 86 = 4*q + 5*z. Calculate the remainder when q is divided by h.
11
Suppose s - 50 = -5*n, n + 112 = 3*s - 3*n. Calculate the remainder when s is divided by 9.
4
Let o(l) = -l**3 + 2*l**2 + 2*l - 3. Let a be o(2). Calculate the remainder when ((-7)/a)/((-3)/12) is divided by 15.
13
Suppose 5*o - 121 = 29. Calculate the remainder when o is divided by 11.
8
Let g = 45 - 19. Calculate the remainder when 77 is divided by g.
25
Let z = 12 + -4. Let k = z + -6. Suppose -k*i + 5 + 13 = 0. Calculate the remainder when 15 is divided by i.
6
Suppose -25 = -5*q, 3*u - 5*u + 93 = -5*q. Calculate the remainder when u is divided by 15.
14
Let g(a) = 3*a**2 + 7*a - 5. Let z be g(-4). What is the remainder when 1/(1 - 0) + 1 is divided by 6/(18/z) + -4?
0
Let m(q) = 38 + 8*q + q**3 - q**2 - 8*q. Let d be m(0). Let s = -6 + d. Calculate the remainder when s is divided by 17.
15
Let u(j) = -12*j**3 + 2*j**2 - 1. Let b be u(1). Let q(v) = -3*v. Calculate the remainder when q(b) is divided by 9.
6
Suppose -3*n + n = -j + 131, 2*n = -4*j + 554. Calculate the remainder when j is divided by 28.
25
Let n(u) = u**3 - 2*u**2 + u - 3. Calculate the remainder when 24 is divided by n(3).
6
Let l = 22 - 13. Let t = 20 - l. What is the remainder when t is divided by 3?
2
Let z = 90 + -46. Let f be -3 - -4 - (-1 + 0). What is the remainder when z is divided by 231/15 + f/(-5)?
14
Suppose 5*n = g + 159, 0*n - 2*n + 59 = -5*g. Suppose -3*m - m = -8. Suppose -3*c + 39 = 3*h, -h - 3*c = -3 - m. What is the remainder when n is divided by h?
15
Let y = -11 - -40. What is the remainder when 113 is divided by y?
26
Let d(g) be the third derivative of g**4/24 - g**3/3 - 18*g**2. Suppose 4*t = -4*h + 20, 2*h - h + 7 = 2*t. Calculate the remainder when 4 is divided by d(t).
0
Let d = 37 + -20. Suppose 0 = -5*z + 3 + d. What is the remainder when 37 is divided by 238/18 - z/18?
11
Let v = -178 - -450. Calculate the remainder when 2/3 - v/(-6) is divided by 12.
10
Suppose 4*g - b - 23 = 0, -5*g + 55 + 0 = 4*b. Let i = g + 6. Calculate the remainder when 34 is divided by i.
8
Suppose -n = 56 - 0. Let s = -38 - n. Let u = -19 - -54. What is the remainder when u is divided by s?
17
What is the remainder when 39 is divided by (-100)/15*(-9)/6?
9
Let x(p) = p**3 - 2*p**2 - 3*p + 2. Let c be x(2). Calculate the remainder when 40 is divided by (-2 + 23)/((-6)/c).
12
Let s(o) = -o**2 - 9*o + 1. Let i = 16 + -5. Calculate the remainder when s(-5) is divided by i.
10
Let o = 121 + -184. Let l be -2*(2 - o/(-6)). Suppose -2*w + 3*f + l = 0, 21 = -4*w + 3*f + 70. What is the remainder when w is divided by 6?
4
Suppose 6*o = 2*o + 136. Calculate the remainder when o is divided by 9.
7
Let m(o) = -4*o + 2. Let d be m(3). Let b(h) = h**2 + 2*h - 12. What is the remainder when b(d) is divided by (-8)/(-4) + 20 + 1?
22
Let c be (-28)/(-98) - 68/(-7). Let s = c - -23. Suppose -5*u - 25 + 116 = 2*f, 0 = u + 5*f - 32. What is the remainder when s is divided by u?
16
Let m(y) = -2*y + 7. Let l be m(5). Let a = l - -11. What is the remainder when a is divided by 3?
2
Let g(b) = -3*b - 7. What is the remainder when 8 is divided by g(-4)?
3
Let c = -17 + -5. Suppose -2*r + 23 = -33. What is the remainder when r is divided by (-10)/55 - 224/c?
8
Let v(m) = m**2 - 6*m + 1. Suppose 3 = -5*w + 4*x, -4*w + 10 = -0*w + 3*x. Calculate the remainder when w is divided by v(6).
0
Suppose -16 = 2*r + 2*r. Let l = r - -4. Suppose 12 = -l*m + 4*m. Calculate the re